e prime factors of 987432285.
3, 5, 7, 9404117
What are the prime factors of 26576513?
773, 34381
List the prime factors of 33297459.
3, 13, 67, 12743
What are the prime factors of 172057629?
3, 17, 59, 211, 271
What are the prime factors of 672734439?
3, 13, 5749867
What are the prime factors of 203631463?
7, 29090209
What are the prime factors of 385766595?
3, 5, 19, 53, 8513
What are the prime factors of 872184335?
5, 11, 83, 1579
List the prime factors of 506037859.
137, 3693707
List the prime factors of 53426853.
3, 37, 160441
List the prime factors of 39789993.
3, 13263331
What are the prime factors of 1665240366?
2, 3, 599, 463339
List the prime factors of 231997315.
5, 11, 19, 222007
List the prime factors of 6743091738.
2, 3, 53, 1627, 13033
List the prime factors of 405816991.
19, 23, 928643
What are the prime factors of 115090351?
383, 300497
What are the prime factors of 61241757?
3, 20413919
List the prime factors of 45603683.
941, 48463
List the prime factors of 37713860.
2, 5, 19, 61, 1627
What are the prime factors of 612980254?
2, 17, 1483, 12157
List the prime factors of 658004424.
2, 3, 7, 11, 23, 113, 137
List the prime factors of 597098425.
5, 7, 11, 310181
List the prime factors of 52277091.
3, 17, 23, 41, 1087
List the prime factors of 335795865.
3, 5, 22386391
List the prime factors of 2546859847.
7, 2039, 178439
List the prime factors of 142332526.
2, 7, 10166609
List the prime factors of 102201271.
102201271
What are the prime factors of 279107091?
3, 31011899
What are the prime factors of 2515676950?
2, 5, 19, 2648081
What are the prime factors of 975259517?
103, 9468539
List the prime factors of 54389148.
2, 3, 11, 412039
What are the prime factors of 1736650576?
2, 53, 2047937
What are the prime factors of 46630457?
71, 277, 2371
What are the prime factors of 48297268?
2, 12074317
List the prime factors of 446888882.
2, 11, 109, 157, 1187
List the prime factors of 1002178182.
2, 3, 257, 649921
What are the prime factors of 743412293?
13, 131, 436531
What are the prime factors of 41813305?
5, 73, 97, 1181
List the prime factors of 3416330237.
89, 38385733
What are the prime factors of 5448524546?
2, 157, 2003, 8663
What are the prime factors of 188827137?
3, 3623, 5791
List the prime factors of 15844324.
2, 29, 137, 997
What are the prime factors of 129702037?
19, 23, 296801
What are the prime factors of 51515673?
3, 11, 59, 26459
List the prime factors of 5323291991.
17, 601, 521023
List the prime factors of 105025864.
2, 17, 223, 3463
What are the prime factors of 582831136?
2, 239, 76207
What are the prime factors of 730069734?
2, 3, 121678289
What are the prime factors of 67738029?
3, 43, 525101
List the prime factors of 214208871.
3, 109, 349, 1877
What are the prime factors of 199086083?
7, 79, 521, 691
List the prime factors of 347450968.
2, 43431371
What are the prime factors of 4692822424?
2, 3607, 162629
List the prime factors of 3820641151.
4441, 860311
List the prime factors of 2301029197.
251, 257, 35671
What are the prime factors of 6063803855?
5, 41, 3851, 7681
What are the prime factors of 793591380?
2, 3, 5, 29, 152029
List the prime factors of 8019289951.
73, 109853287
List the prime factors of 370634322.
2, 3, 4673, 13219
What are the prime factors of 390840707?
661, 591287
List the prime factors of 54224396.
2, 13556099
List the prime factors of 139077691.
59, 2357249
What are the prime factors of 18314907?
3, 13, 469613
What are the prime factors of 941219386?
2, 23, 61, 509, 659
List the prime factors of 22128313.
983, 22511
List the prime factors of 4976508275.
5, 23, 31, 279187
List the prime factors of 548685869.
548685869
What are the prime factors of 68868547?
11, 17, 257, 1433
List the prime factors of 330638716.
2, 82659679
List the prime factors of 19901735.
5, 7, 89, 6389
List the prime factors of 133578672.
2, 3, 1019, 2731
List the prime factors of 1451384534.
2, 47, 15440261
List the prime factors of 153913305.
3, 5, 7, 13, 112757
What are the prime factors of 253079713?
71, 3564503
List the prime factors of 1376815654.
2, 688407827
What are the prime factors of 2789152407?
3, 103301941
What are the prime factors of 42830134?
2, 21415067
List the prime factors of 243916048.
2, 2411, 6323
What are the prime factors of 49470605?
5, 9894121
List the prime factors of 24974367.
3, 11, 756799
List the prime factors of 1597692731.
1597692731
List the prime factors of 5915158711.
7, 11, 76820243
List the prime factors of 49865102.
2, 7, 41, 109, 797
What are the prime factors of 74907832?
2, 37, 83, 3049
List the prime factors of 3933976156.
2, 11, 89408549
List the prime factors of 109472193.
3, 12163577
What are the prime factors of 30309362?
2, 59, 397, 647
List the prime factors of 262281823.
1151, 227873
List the prime factors of 158310634.
2, 823, 96179
What are the prime factors of 258595355?
5, 51719071
List the prime factors of 15321466.
2, 1409, 5437
What are the prime factors of 4793337916?
2, 137, 8746967
What are the prime factors of 454833791?
454833791
What are the prime factors of 72681140?
2, 5, 7, 519151
List the prime factors of 72375466.
2, 557, 64969
What are the prime factors of 70469482?
2, 59, 199, 3001
List the prime factors of 739984288.
2, 97, 238397
What are the prime factors of 2750132260?
2, 5, 269, 511177
List the prime factors of 383918275.
5, 13, 19, 79, 787
List the prime factors of 1326769084.
2, 331692271
List the prime factors of 198200336.
2, 12387521
List the prime factors of 78466584.
2, 3, 7, 467063
What are the prime factors of 518296346?
2, 587, 441479
List the prime factors of 1850249482.
2, 925124741
What are the prime factors of 52716514?
2, 593, 44449
What are the prime factors of 224939026?
2, 13, 8651501
What are the prime factors of 88517347?
88517347
List the prime factors of 200213918.
2, 1489, 67231
What are the prime factors of 379065029?
7, 19, 59, 67, 103
List the prime factors of 288581191.
73, 1213, 3259
List the prime factors of 118718591.
97, 113, 10831
What are the prime factors of 415529790?
2, 3, 5, 13, 241, 4421
List the prime factors of 3388496761.
13, 113, 137, 149
List the prime factors of 75203571.
3, 283, 313
What are the prime factors of 111789939?
3, 19, 271, 7237
List the prime factors of 107603946.
2, 3, 5977997
What are the prime factors of 193836515?
5, 38767303
List the prime factors of 43031268.
2, 3, 7, 170759
List the prime factors of 8132877.
3, 809, 1117
What are the prime factors of 5448296457?
3, 605366273
What are the prime factors of 778775504?
2, 13, 3744113
What are the prime factors of 172591317?
3, 2130757
List the prime factors of 22110072.
2, 3, 19, 48487
What are the prime factors of 44573453?
311, 331, 433
List the prime factors of 16210092.
2, 3, 383, 3527
What are the prime factors of 16660236?
2, 3, 1388353
List the prime factors of 153933865.
5, 30786773
What are the prime factors of 443563724?
2, 110890931
What are the prime factors of 104047398?
2, 3, 7, 13, 63521
What are the prime factors of 526195333?
31, 61, 463, 601
List the prime factors of 608039804.
2, 152009951
List the prime factors of 650044165.
5, 7283, 17851
List the prime factors of 23812555.
5, 13, 366347
What are the prime factors of 125176613?
125176613
What are the prime factors of 164043097?
1283, 127859
What are the prime factors of 1234457399?
7, 127, 211, 6581
List the prime factors of 60629782.
2, 3701, 8191
What are the prime factors of 631867512?
2, 3, 26327813
List the prime factors of 227067891.
3, 23, 67, 49117
What are the prime factors of 167112238?
2, 83556119
What are the prime factors of 705446418?
2, 3, 101, 401, 2903
What are the prime factors of 5963507147?
13, 15889, 28871
What are the prime factors of 52603796?
2, 7, 29, 64783
List the prime factors of 3784038057.
3, 3307, 127139
List the prime factors of 6366538370.
2, 5, 59, 307, 35149
What are the prime factors of 643003605?
3, 5, 19, 227, 3313
What are the prime factors of 2063491192?
2, 7, 31, 67, 113, 157
List the prime factors of 44181623.
17, 2598919
What are the prime factors of 4985043799?
8377, 595087
What are the prime factors of 301724108?
2, 7, 10775861
What are the prime factors of 435035653?
13, 601, 55681
List the prime factors of 226